
Let p(v) = v + 15. Let o be p(-10). Suppose -2*m + 4*q + 96 = 0, -o*m = -q - 2*q - 233. Suppose t - m - 57 = 0. List the prime factors of t.
103
Suppose -5*a - 5*a + 380 = 0. Let o = 70 - a. Suppose 3*h = o + 103. List the prime factors of h.
3, 5
Suppose -723*q + 708*q = -208695. List the prime factors of q.
13913
Let i = -84390 + 121258. List the prime factors of i.
2, 13, 709
Let u be (10/30)/((-1)/(-33)). Suppose -3*x + u*x = 9152. List the prime factors of x.
2, 11, 13
Let j(p) be the second derivative of 139*p**5/10 + 13*p. Let q be j(1). What are the prime factors of (-12)/8 + 2 + q/4?
2, 5, 7
Suppose 6*s - 10 = s, 3*r - 5*s - 62 = 0. Let y = -24 + r. Suppose 5*k - 46 = -4*v + 3*k, -v + 4*k + 7 = y. List the prime factors of v.
11
Suppose -4*g - 628 = 4*r - 0*g, 2*g = 0. Let u = r + 645. What are the prime factors of u?
2, 61
Suppose 0 = -5*q + 5, 0*q = -4*i + 3*q - 175. Let s = 47 + i. Suppose -u + 0*u + 80 = -4*b, s*u - 354 = -b. List the prime factors of u.
2, 11
Let o be 1 + 2 - 4/(-4). List the prime factors of (o/12)/(1/(-12)) - -322.
2, 3, 53
Let q(g) = -1166*g + 371. What are the prime factors of q(-2)?
3, 17, 53
Let j be (-5 - -1 - -8) + 3 + -4. Suppose 0 = j*h - 10*h + 2723. What are the prime factors of h?
389
Let i(d) = -6*d**3 - 3*d**2 - 6*d - 7. Let u be (-4)/(-6)*3 - -61. Let v = u + -65. What are the prime factors of i(v)?
41
Let b(k) be the first derivative of 29*k**2 + 14*k + 33. What are the prime factors of b(10)?
2, 3, 11
Let f(h) = -77*h**3 - h**2 + h. Let d be f(-1). Suppose 181*x - 180*x = d. List the prime factors of x.
3, 5
Let l = -121 - -130. Let v be ((-105)/l)/7*3. List the prime factors of (1070/(-6))/v*3.
107
Let d(t) = 41*t - 8. Let g(j) = j**3 + 3*j**2 + 3*j + 5. Let u be g(-2). Let r be d(u). Suppose 35 = -o + r. What are the prime factors of o?
2, 5
Suppose 10*f - 6*f = 4*h - 43500, -32611 = -3*h - 4*f. What are the prime factors of h?
83, 131
Let o = -267 + 305. List the prime factors of 16 + -10 + 6*o.
2, 3, 13
Suppose u = 9*l - 5*l - 20550, -2*l = 5*u - 10286. What are the prime factors of l?
2, 7, 367
Let b(o) be the first derivative of 4*o**3/3 + 2*o**2 - 20*o - 40. List the prime factors of b(19).
2, 3, 5
Let u = 548 + -282. Let v = u - -243. What are the prime factors of v?
509
Suppose -4*u + d + 36034 = -7118, 0 = u - 3*d - 10799. What are the prime factors of u?
7, 23, 67
Let x(z) = 1582*z**2 - 12*z - 10. What are the prime factors of x(3)?
2, 887
What are the prime factors of (41712 - 2) + (12 - 15 - 7)?
2, 3, 5, 139
Let x = 449 + 700. Suppose x = 8*d - 9315. What are the prime factors of d?
2, 3, 109
Let d be (-1 - -1) + -11 + 5. What are the prime factors of (-56)/d - 48/36?
2
Suppose -6*c + 40 = 2*c. Suppose c*f + 5*f = 30. Suppose -2*u - f + 29 = 0. List the prime factors of u.
13
Let s(u) = -12*u**3 + 4*u**2 - 2*u - 1. Let x be s(2). Let p = -69 - x. Suppose p*j = 5*j + 1672. What are the prime factors of j?
2, 19
Let q(a) = 30*a**3 + 10*a**2 + 2*a - 62. List the prime factors of q(6).
2, 5, 7, 97
Suppose -14*d + 178 + 158 = 0. Suppose -d*p + 36984 = 22*p. What are the prime factors of p?
2, 3, 67
Suppose 5 = 3*u - 1114. Suppose -7*p + 495 = -u. Suppose 4*b + p = 8*b. What are the prime factors of b?
31
Let y(q) = 680*q - 1365. What are the prime factors of y(17)?
5, 2039
What are the prime factors of (-113924)/(-10) - (-20 + 736/40)?
2, 3, 211
Suppose -5*k + g + 489 = 0, -5*k + 3*g + 291 = -2*k. Suppose -2*j + 103 = 117. Let p = k + j. List the prime factors of p.
7, 13
Let a(l) = -66*l**3 - 3*l**2 + 17*l + 12. Let z be a(-6). What are the prime factors of (-1)/(3513*12/z - 3)?
11, 71
Let x(h) = -44 + 12*h**2 - 19*h**2 + 9*h**2 + h. List the prime factors of x(-16).
2, 113
Let c(a) = -792*a + 11826. Let d be c(15). Let l be -72 + 1 + (1 - 1). Let u = d - l. What are the prime factors of u?
17
Let s = 67 - 68. Let u be 1 + 69/6 + s/2. Suppose -412 = -u*b + 860. What are the prime factors of b?
2, 53
Let t = -106 + 122. Suppose t*x - 1621 = 7355. List the prime factors of x.
3, 11, 17
Suppose 7*l - 11*l = -144. Suppose 0 = l*z - 35*z - 367. Suppose -z = -5*u - 37. What are the prime factors of u?
2, 3, 11
Suppose 5 = -9*g + 23. Suppose -4*c + 2*b = -4 - 6, 3*c - g*b - 10 = 0. Let j = 34 + c. What are the prime factors of j?
2, 17
Let l = -83266 + 171063. What are the prime factors of l?
87797
Let a = 11003 + 19085. What are the prime factors of a?
2, 3761
Let k(p) = -597*p + 1217. List the prime factors of k(-23).
2, 37, 101
Let s(h) = 11*h - 26. Let z be s(3). Suppose -z*d - 257 = -5668. What are the prime factors of d?
773
Suppose 132 = o - 38. Suppose 58 - o = -2*l. Suppose 7*b - 5*b = l. What are the prime factors of b?
2, 7
Let u = -10730 + 19203. What are the prime factors of u?
37, 229
Suppose 67148 - 239735 - 105789 = -84*m. What are the prime factors of m?
2, 1657
What are the prime factors of ((3319/(-2))/(31/124))/(-2)?
3319
Let m = 225 - 212. Suppose -m*w = -26*w + 1105. List the prime factors of w.
5, 17
Suppose -7*k = -13368 - 22136. Suppose 1588 = 15*q - k. What are the prime factors of q?
2, 3, 37
Let x = -12 - -6. Let k(i) = i + 5. Let p be k(x). What are the prime factors of 107 - 0 - (p - -2)?
2, 53
Let v(g) = 502*g**2 + 164*g + 813. What are the prime factors of v(-5)?
3, 37, 113
Suppose -3*i = -5*b + 2106, -5*i - 7 = 3. Suppose -4*j + 4*t = -b, -j + 109 = -3*t + t. Let v = j + 20. What are the prime factors of v?
11
Let s(v) = -v**2 - 7*v + 15. Let i be 2/(-2 - -4) - 10. Let q be s(i). What are the prime factors of 4*(q + 2 + 18)?
2, 17
Let t = 4 - 2. Suppose t*g + 5*u - 20 = g, -2*u - 43 = -3*g. Suppose -11*v - 236 = -g*v. What are the prime factors of v?
59
Suppose -35334 = 4*q - 22*q. Suppose q - 153 = 10*m. List the prime factors of m.
181
Suppose -4 = 2*m, 4*x - 2*m - 435 = -31. Let u = 3631 + -3624. Suppose x = u*z - 5*z. What are the prime factors of z?
2, 5
Let l be 57/(-4)*(-448)/12. Suppose 926 = 3*m - l. What are the prime factors of m?
2, 3
Let r = -9688 - 4044. What are the prime factors of r/(-28) + (-18)/42?
2, 5, 7
Let f(n) = 156*n - 14. Let u be f(2). Suppose 5*r - 3*w = 1416, -4*r + u = -3*w - 836. List the prime factors of r.
2, 3, 47
Suppose -3*u - 8 = f + 13, -3*u = 3*f + 15. What are the prime factors of 420 + 2/u*4?
419
Suppose 4*z - 5*s = 6005, -z + 1772 - 252 = 5*s. List the prime factors of z.
5, 7, 43
Suppose -186*q + 85914 - 12151 = -1508539. List the prime factors of q.
47, 181
Let x(i) = -i**2 + 11*i - 6. Let u be x(4). Suppose -u*d = -18*d - 12. Suppose 5*a - 803 = -3*g, 4*g = d*g - a + 265. List the prime factors of g.
3, 29
Suppose 0 = 5*h + 15, 0 = 8*k + 2*h - 53473 + 4951. What are the prime factors of k?
2, 3, 337
Let d(l) = -3*l + 1. Let h(z) = -38*z + 16. Let w(p) = -80*d(p) + 5*h(p). List the prime factors of w(7).
2, 5, 7
Suppose 5 - 8 = 4*m + 3*d, 4*m + 18 = 2*d. List the prime factors of ((-688)/40)/((-4)/10) - m.
2, 23
Suppose 3*n - 30628 = 5207. List the prime factors of n.
5, 2389
Suppose 3*r + 5*t + 68 = 0, 63 = -2*r - 2*t + 19. Let h(d) = -d**3 - 20*d**2 - 6*d + 45. What are the prime factors of h(r)?
2, 3, 17
Suppose -k - 244 - 600 = 0. Let m = -13 - k. Suppose -m = 19*a - 22*a. List the prime factors of a.
277
Suppose -5*r + 2*l + 123 = 0, -4*r + 2*l = 54 - 152. Let d be (-3 - r/(-10))*-12. What are the prime factors of (-1270)/(-15) - (-8)/d?
2, 43
Suppose -55 = 8*q - 71. Suppose -c - 5*p = -732 - 1268, q*p = 4*c - 7956. What are the prime factors of c?
2, 5, 199
Suppose -2*s + 65 = -103. Let l = -81 + s. Suppose 0 = l*u - 5*w - 121, -3*u - 2*w = u - 118. What are the prime factors of u?
2
Let a be (6 - 26/2)/(1 + -2). Suppose a*g + 8 = -489. Let q = -34 - g. What are the prime factors of q?
37
What are the prime factors of (-77091)/(-27) + (-80)/360?
5, 571
Suppose -t + 5 = -2*t, 3*y - 3*t - 15 = 0. Suppose -10*v = -9*v + 4*g - 70, -v + 2*g + 70 = y. What are the prime factors of v?
2, 5, 7
Suppose 775256 = 83*c - 423679. What are the prime factors of c?
3, 5, 107
Suppose 7*x - 80 = -27*x + 158. Suppose 3*u - 667 = 350. Suppose -4*j - u = -x*j. List the prime factors of j.
113
Let n be 5/(((-36)/16)/9). What are the prime factors of -3*n/12*73?
5, 73
Let o = -32 + 39. Suppose o*k = 9*k - 74. What are the prime 